 - 2218. What is the tens digit of l/(-16) - 0 - (-3)/(-12)?
5
Let f(x) = -x**3 - 7*x**2 + x + 10. Let b be f(-7). Suppose 0*y + b*y - 1066 = -r, -3*y + 2*r + 1054 = 0. Suppose 4 - y = -7*z. What is the tens digit of z?
5
Let j(w) = -3*w**3 + 8*w + 4. Let l be j(-7). Let d = -345 + l. Let u = d - 438. What is the tens digit of u?
9
Let m(g) = -3317*g + 3930. What is the hundreds digit of m(-4)?
1
Let j(w) = 756*w**3 - 2*w - 1. Let q be j(-1). Let n = 1279 + q. Suppose 0 = -2*k + 5*o + n, 0*k + 3*o + 264 = k. What is the hundreds digit of k?
2
What is the units digit of (23 - (-69282)/126)/(-1 - 30/(-28))?
0
Let r(z) = -567*z + 3176. What is the thousands digit of r(-21)?
5
Suppose 85*z - 71*z - 157472 = 0. What is the thousands digit of z?
1
Let s = -89 - -93. Suppose 14 = -2*p - m + 5*m, -s*m - 28 = 4*p. Let z(o) = -3*o + 24. What is the tens digit of z(p)?
4
Let a(j) = j**2 + 8*j - 4. Let r be a(-9). Suppose 0 = -r*q + 7*q + q. Suppose 5*c + 110 - 400 = q. What is the tens digit of c?
5
Suppose -41*m + 479677 + 284474 = -166549. What is the tens digit of m?
0
Let l(g) = 1167*g + 1317. What is the hundreds digit of l(4)?
9
Let b = -16291 + 20799. What is the units digit of b?
8
Let j = -19626 + 29888. What is the ten thousands digit of j?
1
Let m(h) = 253*h**2 + 39*h + 98. What is the ten thousands digit of m(10)?
2
Let z = 27113 + -13925. What is the units digit of z?
8
Let l(q) = 10*q + 3. Let t be l(-5). Suppose 0 = 2*y - m - 0*m + 156, 88 = -y - 2*m. Let r = t - y. What is the tens digit of r?
3
Suppose -r + 3 = 4*n - 5, -2*n - 3*r = 6. Let g be 6 + -3 + 0 - n. What is the tens digit of 81 - 5/(-5 + g)?
8
Let h be (-1)/(-2 - (-75)/39). What is the units digit of (-15200)/(-15) - h - 4/(-6)?
1
Suppose -4*d + 20 = -5*p + d, -p = 5*d - 14. Let y be (p - -140) + -3*2/(-6). Suppose 2*j = 2*a - 64, 5*a + 2*j - y = a. What is the units digit of a?
4
Let p(g) = 4*g**2 - 40*g + 30. Let n(z) = -z**3 - 9*z**2 + 8*z + 59. Let j be n(-9). What is the units digit of p(j)?
6
Let r = 49 - 38. Suppose 10*x + r - 61 = 0. Suppose 0 = 3*k + x*h - 182, -k + 5*k = h + 258. What is the units digit of k?
4
Let f(i) = -846*i + 720. What is the units digit of f(-7)?
2
Let g(o) = 2*o**2 - 14*o + 32. Let f be g(-15). Let d = f + -227. What is the tens digit of d?
6
Let t(j) = j - 4635 - 8*j + 4612. What is the units digit of t(-15)?
2
Suppose 28*c - 25*c - 12 = 0. Suppose 160 = c*q - 176. Let u = q + 7. What is the tens digit of u?
9
Let v be (-106)/(-2) + -11 + 9. Suppose 2 = -50*w + v*w. Suppose -w*g + 10 = -2. What is the units digit of g?
6
Let c = -28999 - -50659. What is the units digit of c?
0
Let f(m) = 31*m + 8. Let h be f(-3). Let n = 440 + h. Let s = n - 252. What is the units digit of s?
3
Let l(u) = 21*u**2 + 93*u - 37. What is the tens digit of l(-30)?
7
Let t = -3267 + 4881. What is the units digit of 3/(((-108)/t)/(-6))?
9
Suppose -144 = 3*f + 87. Let b = f + 82. Suppose 4*h - 266 = -3*v - 49, b*v + 5 = 0. What is the tens digit of h?
5
Suppose -17*o - 68 = -13*o. Let y = -14 - o. Let n = y + 13. What is the units digit of n?
6
Let y = -5164 - -9107. What is the hundreds digit of y?
9
Let q(f) = -11*f - 195. Let w be 6690/(-180) + (-2)/(-12). What is the tens digit of q(w)?
1
Let n(l) = -44*l + 7716. What is the tens digit of n(124)?
6
Let l = -19501 + 32170. What is the tens digit of l?
6
Suppose 56*r = 59*r - 12. Let i(p) = -71*p**2 - r*p + 3 + 72*p**2 - 7*p. What is the hundreds digit of i(-6)?
1
Let a = 200 - -1832. Let s be 4*-1*a/(-64). Suppose -2*r + 80 = 5*v, -4*r + r - 4*v + s = 0. What is the units digit of r?
5
Let q(j) = 3644*j**2 - 18*j + 18. What is the hundreds digit of q(1)?
6
Suppose -5*j = 5*g - 15590, -4*g - 205 = -2*j + 6079. What is the units digit of j?
6
Suppose -y = -r + 708, 3552 = 5*r - 12*y + 11*y. Suppose 0 = 46*j - 43*j - r. What is the tens digit of j?
3
Let k(f) = -f**2 - 5*f + 17. Let v be k(-7). Let c be ((-2)/v)/((-16)/(-6) + -3). What is the tens digit of (16 + 35)/(3/c)?
3
What is the thousands digit of 3648/(-5)*(-280)/42?
4
Suppose 27 = 3*f + 3*l, 12 + 6 = f + 4*l. Let a(m) = m**3 + 4*m**2 - 3*m - 7. What is the tens digit of a(f)?
3
Suppose 16*k + 7*k - 619110 = 5*k. What is the thousands digit of k?
4
Let x(o) = 401*o + 6091. What is the ten thousands digit of x(64)?
3
Suppose 0 = -20*r + 26*r - 10536. Let g = 129 + r. What is the hundreds digit of g?
8
Suppose 3*s = -4*f + 1597, 0 = 5*f - 8*f - 3*s + 1194. Let x = 331 + f. What is the tens digit of x?
3
Suppose 246075 - 579354 = -9*y. What is the hundreds digit of y?
0
Let a be (101/(-2))/((-11)/(-22)). Let m be a/(-11) + 204/(-33) + 6. Suppose 12*d - m*d - 459 = 0. What is the tens digit of d?
5
Suppose -z + 0*x - 4*x - 4 = 0, -3*z = -5*x - 73. Suppose -5 = -p - k, 5*p = 5*k - 1 + z. Suppose -p = -8*m + 828. What is the hundreds digit of m?
1
Suppose 176*f - 98*f = 53162 + 332548. What is the units digit of f?
5
Suppose 35*a = 37661 - 11936. Suppose 0 = -4*d - 4*h + 32, 0 = -d - d + 2*h + 4. Suppose j = -d*r + 121, -j + 6*j - a = r. What is the tens digit of j?
4
Let u be (36/(-27))/(5/15). Let l(k) = 16*k**2 - 6*k - 32. Let s(t) = -5*t**2 + 2*t + 11. Let j(m) = -2*l(m) - 7*s(m). What is the units digit of j(u)?
3
Suppose -81*u - 13*u = -1367455 - 828573. What is the tens digit of u?
6
Let h be (-61007)/(-15) + 6/(-45). Suppose 24*o - h = 4045. What is the tens digit of o?
3
Let g(r) = -253*r + 1146. What is the units digit of g(-45)?
1
Suppose -2*w = -5*z - 13605, -5*w + 12491 + 21574 = -2*z. What is the hundreds digit of w?
8
Let q(n) = -7*n**3 - 5*n + 15*n**3 + 18 + 24 + 20*n**2 - 7*n**3. What is the units digit of q(-18)?
0
Suppose 3*n - 7*n + 184 = 0. Suppose -n = -s - 21. Suppose -s + 226 = 3*q. What is the tens digit of q?
6
Suppose 5*o + 714 = 3*i + 2*o, -3*i + 712 = -4*o. Suppose 0 = -3*j + 2*j + 3, -4*g - 691 = -5*j. Let k = i + g. What is the tens digit of k?
7
What is the thousands digit of 6809 + 17/(238/28)?
6
Let j be (-1)/3 - (-262)/(-6). Let l(c) = -c**3 - 3*c**2 + 24*c. Let f be l(-6). Let s = f - j. What is the units digit of s?
8
Let p(q) = 187*q - 183*q + 4 - 44*q**3 - 2*q**2 + 2*q**3. What is the units digit of p(-1)?
0
Let u be -1 - ((-12)/16 + 31/4). Let h be 4*(2 - (-20)/u). What is the hundreds digit of (-1 + (-182)/(-6))*(-12)/h?
1
Let o(h) be the first derivative of h**3/3 + 10*h**2 - 37*h + 6. Suppose 4*u + 16 = 0, 3*u - 6*u = -g - 14. What is the units digit of o(g)?
9
Let f = 287 + -284. Suppose 2*v - 18 = -2*c - 2*v, c = 3*v + 9. What is the tens digit of f*(-2)/c*-102?
6
Let g be (-5 + 54/8)/((-5)/(-20)). Suppose -2*p = g*x - 4*x - 1638, -2*p = 0. What is the hundreds digit of x?
5
Suppose z = -b - 5, 4*b + 2*z + 22 - 12 = 0. Suppose b = 5*h + 58 - 33, -4639 = -3*p - 4*h. What is the tens digit of p?
5
Let u(b) = -b**3 + 15*b**2 + b - 7. Let a be u(15). Let i = -4 + a. Suppose 0 = i*j - 49 - 103. What is the tens digit of j?
3
Let s = -316 - 761. Let u = 2112 + s. What is the tens digit of u?
3
Let h(t) = 289*t + 5321. What is the ten thousands digit of h(59)?
2
Suppose -435 = 3*r + 2*a - 53, r - 5*a = -150. What is the units digit of 8/(-2)*(r - -12)?
2
Suppose -2*l = 174 - 20. What is the units digit of ((-1776)/11)/(-3) - 14/l?
4
Let l be 65/(-20) + (-6)/(-24). Let d be l + ((-3610)/(-5) - -1). Suppose 240 = g - 4*m, -3*m = -g - 2*g + d. What is the units digit of g?
0
Let c = 1606 + 9458. What is the tens digit of c?
6
Let k = 8092 + -7435. What is the hundreds digit of k?
6
Suppose 5197 = n - 9986. What is the ten thousands digit of n?
1
Let n(m) = 10*m - 21. Let x(w) = 20*w - 41. Let q(h) = 5*n(h) - 2*x(h). Let r be q(15). Let y = 200 - r. What is the units digit of y?
3
Let s be -15*(2/(-6) - (-501)/45). Let j = -152 - s. What is the units digit of j?
0
Suppose 4*r = -5*x + 3*r + 218639, -2*x + 87474 = 5*r. What is the thousands digit of x?
3
Let w = 76970 - 36833. What is the units digit of w?
7
What is the units digit of 7977/2 + (-3)/6?
8
Suppose 6*y - 1780 = -5*s, 4*s + 2*y = 944 + 494. What is the hundreds digit of s?
3
Let p = 219 - 135. Let b = p - -468. What is the tens digit of b?
5
Suppose k - 2 = 6. Suppose -k*z + 5 = -13*z. Let w(h) = -199*h + 4. What is the hundreds digit of w(z)?
2
Let r = 8984 + 1669